0
Suppose -2 = s - 7. Suppose 0 = -s*r + 62 - 12. Suppose r*k - 78 = 9*k. What is the remainder when k is divided by 27?
24
Calculate the remainder when 1412 is divided by ((-214)/14)/((-461)/3227).
21
Let k = -5660 + 5701. Calculate the remainder when 895 is divided by k.
34
Let p(z) = z**3 + 21*z**2 - 23*z - 365. What is the remainder when 230 is divided by p(-21)?
112
Suppose -3*b - 25 = 5*x, -3*x + 7*x = 4*b - 20. Suppose b = 3*c - 6*c + 168. What is the remainder when c is divided by 6/7*14/1?
8
Let s be ((-38)/(-6))/(21/63). Suppose 4*t - 93 = s. Calculate the remainder when 139 is divided by t.
27
Suppose -4*y = 7*w - 2*w - 125, 2*y - 19 = -w. What is the remainder when w is divided by (-6 - -2) + 1 + 20?
12
Suppose 16430 = 5*f - 2*j, j + 9858 = 3*f - 4*j. What is the remainder when f is divided by 12?
10
Suppose -5*k + 57 = 3*m, 2*k - 2*m = -2*k + 50. Suppose 14*y - 800 = 376. What is the remainder when y is divided by k?
0
Let s(q) = 1352*q**3 - 38*q**2 + 32*q + 5. What is the remainder when s(1) is divided by 200?
151
Let g = 481 + -286. What is the remainder when (g/(-20) + 0)*(-5 - -1) is divided by 7?
4
Let z = 47 + 11. Calculate the remainder when z is divided by 0 + (39/21 + 1)/(18/252).
18
Suppose 5698 + 1394 = 12*x. Calculate the remainder when x is divided by (-44)/594 - 976/(-54).
15
Suppose -63 - 291 = 6*z. Let f = z - -62. Suppose f*w - 62 = g + 3*g, 3*w + 2*g = 68. Calculate the remainder when w is divided by 13.
9
Let n(d) = -3*d**3 + 2*d**2 - 7*d - 6. Let a(m) = -m**2 - 22*m - 100. Let o be a(-16). Calculate the remainder when n(o) is divided by 31.
29
Suppose -4*n + 10 = -6. Suppose 98 = 4*i - 2*a, -i + 2*i + n*a = 20. Let r(v) = -217*v + 221. Calculate the remainder when i is divided by r(1).
0
Let x be -4 + ((-1)/(3/(-6)) - 418). Let m = 165 + x. Let a = -11 - m. Calculate the remainder when a is divided by 35.
34
Let l = 186 + -350. Let w = -117 - l. Suppose 9*q + 819 = 891. What is the remainder when w is divided by q?
7
Suppose 0 = 5*d + 5*r - 15, -2*d - 2*r + 8 = 2*r. Let p = 46 - 44. Suppose d*s = 12 + p. Calculate the remainder when 25 is divided by s.
4
Let i be 40/180 + 3956/18. Let z = i + -175. What is the remainder when 89 is divided by z?
44
Let h(j) = -j**2 + 14*j + 15. Let m = -1 + 16. Let o be h(m). Let i(u) = u**3 - u + 56. Calculate the remainder when i(o) is divided by 12.
8
Let i be 37 - 45 - 10/1. Suppose 48 = -5*q - 117. Let h = i - q. What is the remainder when 53 is divided by h?
8
Suppose -3*m + 4 = -20. Let g = 171 + -147. Let n = 19 + g. Calculate the remainder when n is divided by m.
3
Suppose -5*p - 3*d + 34 = 0, -4*p = -0*p + 4*d - 32. Suppose 4*c + 90 = 3*f + p*c, -5*f - 3*c + 150 = 0. Calculate the remainder when 118 is divided by f.
28
Let g(u) be the third derivative of u**6/120 - 7*u**5/60 - 13*u**4/24 + 17*u**3/2 - 19*u**2 + u. What is the remainder when 163 is divided by g(8)?
9
Suppose 4*g + 55 = -25. Suppose -r - 7*p + 3*p = -21, -5*r = -p - 63. What is the remainder when r is divided by (1 + 0 + 7)*(-10)/g?
1
Suppose -92 = 29*o + 459. Calculate the remainder when 57 is divided by 2 + 0 + o/(-1).
15
Let q(s) = 180*s + 7704. Let f(g) = 37*g**2 - g + 1. Calculate the remainder when q(-42) is divided by f(1).
33
Let l = -36 + 49. Let i(k) = k**2 - 12*k - 26. Let p be i(l). Let r = 88 - p. What is the remainder when r is divided by 26?
23
Let a = 14712 + -14643. Calculate the remainder when 2356 is divided by a.
10
Suppose -3 = -3*r + 3. Suppose k = -r*k + 24. Suppose -m + k = m. What is the remainder when 12 is divided by m?
0
Let g = -5643 - -5711. Let t = 25 - 16. Calculate the remainder when g is divided by t.
5
Let n = -195 - -212. Suppose 3*p + 12 = -p, -829 = 4*r + 3*p. Let c = -143 - r. Calculate the remainder when c is divided by n.
11
Suppose -10*o + 2352 = 18*o. Suppose -2*s = -5*h - 49, -3*s + 3*h + h = -o. Calculate the remainder when 121 is divided by s.
25
Let u(t) = 13*t**2 - 3*t + 1. Let s(m) = 2*m**2 - 4*m + 3. Let x be s(2). Let i = 80688 + -80651. Calculate the remainder when u(x) is divided by i.
35
Suppose -3*z - 2 = -6 - 38. What is the remainder when 710 is divided by z?
10
Let b = 315 + -219. Let g = b - 77. Calculate the remainder when 31 is divided by g.
12
Let n(t) = -t**2 + 21*t - 31. Calculate the remainder when 1260 is divided by n(7).
54
Let r = -18171 + 18416. Calculate the remainder when 1707 is divided by r.
237
Suppose -1456 = 7*o - 6363. Let g = o - 660. What is the remainder when 93 is divided by g?
11
Let y = -128 - -147. Suppose 0 = -y*k + 3*k + 448. Suppose 0 = -6*f + f + 30. Calculate the remainder when k is divided by f.
4
Let a(h) = 486*h**2 - 152*h - 723. What is the remainder when a(-5) is divided by 230?
227
Let w(q) = 60*q - 192. Let d(f) = -f**2 + 54*f + 64. Let p be d(55). What is the remainder when w(p) is divided by 9?
6
Let m(q) = q**3 + 11*q**2 - 16*q + 17. Let z be 4/8*10 - 15. What is the remainder when m(z) is divided by 40?
37
Let c(f) = -5*f**2 + 10*f + 24. Let a be c(-6). Let l = a - -232. Calculate the remainder when 61 is divided by l.
13
Let g = 7685 - 7627. Calculate the remainder when 1030 is divided by g.
44
Suppose 2*d = d + 4. Suppose 101*f - 441 - 6831 = 0. What is the remainder when f is divided by (-2)/d - 204/(-8)?
22
Suppose 0 = -2*n + 50*s - 52*s + 880, 2*s - 1762 = -4*n. What is the remainder when n is divided by 116?
93
Suppose -g = -14 + 113. Suppose 5*u = -2*q - 705, -4*q = -29*u + 27*u - 258. Let p = g - u. What is the remainder when 116 is divided by p?
36
Let b(q) = q**3 + 47*q**2 - 265*q + 180. Calculate the remainder when b(-52) is divided by 36.
8
Suppose -4*r + 109 = -3*l + 8*l, 0 = -4*r + 2*l + 102. Let f = -50 + 70. What is the remainder when r is divided by f?
6
Let v be (-39)/(-4) + (-4 - (-17)/4). Let i(g) = 41*g**2 + 4*g - 7. What is the remainder when i(2) is divided by 3/(-2) - (-295)/v?
25
Let k(h) = -2*h - 5. Let q be k(-5). Let j = q - -2. Suppose f - j - 9 = 0. What is the remainder when f is divided by 6?
4
What is the remainder when 219 - (-12 + 1 + 18) - 4/2 is divided by 150?
60
Let b(a) = -23*a**2 - 16*a + 37. Let h = 19 + -13. Suppose -5*p = -2*w + 31, -4*w - 5*p = -h - 11. Calculate the remainder when b(0) is divided by w.
5
Suppose 104 = 249*r - 1639. What is the remainder when ((-12)/(-15))/((-4)/(-110)) is divided by r?
1
Let g be 54/6 - (5 + -2). Let w(a) = -22 - 7*a + 12*a + 26 + 7*a - a**2. What is the remainder when w(g) is divided by 14?
12
Let u = 12351 - 8208. Calculate the remainder when u is divided by 122.
117
Let d = -70 + 97. Calculate the remainder when 154 is divided by d.
19
Suppose 7*o + 3*d - 40 = 2*o, o + 4*d = 8. Suppose 66 - o = y. Suppose -95 = -3*j + y. What is the remainder when j is divided by 18?
15
Let f(z) = z**3 + 9*z**2 - 24*z + 14. Let c be 198/12 - 6/4. Suppose 4*q - c*q - 121 = 0. Calculate the remainder when f(q) is divided by 13.
10
Let k(u) = 36*u**2 + 80*u - 220. Let f be k(3). Let n be -10*(-5)/(25/14). Suppose 20*y = n*y - f. What is the remainder when 213 is divided by y?
41
Suppose -z + y + 3*y - 1 = 0, 5*y = 4*z - 40. Suppose 29 + 2 = 2*v - 5*j, 0 = 5*j - z. Let l = -19 - -110. What is the remainder when l is divided by v?
22
Suppose 0 = -3*q - 5*c - 97 + 163, 4*q + c - 71 = 0. Let k = 48 - 28. Let z = -13 + k. What is the remainder when q is divided by z?
3
Suppose 6*f - 31 = -f + 18. What is the remainder when 307 is divided by f?
6
Suppose 0 = 4*j + 5*v - 73, 29 = 74*j - 72*j + 5*v. Calculate the remainder when 206 is divided by j.
8
Suppose 40 = -3*a + 7. Let m = 28 + a. Calculate the remainder when -56*(-1)/(-4)*-6 is divided by m.
16
Suppose b = -5*h + 252, 5*h - 672 + 430 = 4*b. What is the remainder when 126 is divided by h?
26
Suppose -14*g = -11*g - 1605. Suppose -x - g = -6*x. What is the remainder when x is divided by 2/(1 + (-50)/54)?
26
Calculate the remainder when 12/7*50064/96 is divided by 295.
9
Suppose 3*c + 3 = 4*c. Suppose 18 = -4*j + 74. What is the remainder when j is divided by (c + (-36)/8)/((-3)/16)?
6
Let z be (-6 + 16/4)/(2/(-4)). Suppose 3*i = z*a + 800, 0 = -4*a + 22 - 6. Calculate the remainder when i is divided by 92.
88
Suppose 54 = 8*f - 10. Suppose f*l = 6*l + 372. Let z = l - 88. Calculate the rema